n base 4?
103200200032
Convert 2121112102 (base 3) to base 15.
1037e
-30456622 (base 8) to base 7
-105536260
What is -5015533 (base 7) in base 13?
-17998c
What is 4d481 (base 16) in base 10?
316545
What is -34853b (base 14) in base 5?
-424240441
What is -134204102 (base 5) in base 2?
-10101001100000000101
What is 23020023322 (base 4) in base 16?
2c82fa
-2a64a11 (base 12) to base 8
-40617255
10562322 (base 8) to base 12
92346a
Convert -2252311 (base 7) to base 13.
-9b329
11234333 (base 6) to base 12
1489a9
What is 66769 (base 11) in base 4?
113213302
What is -466124 (base 7) in base 3?
-11020220012
Convert 4087e (base 16) to base 2.
1000000100001111110
Convert -70951 (base 11) to base 16.
-194d0
What is -1631266 (base 7) in base 9?
-374234
What is 1468791 (base 10) in base 15?
1e02e6
-11010000100011111111 (base 2) to base 16
-d08ff
-14030031 (base 5) to base 3
-21020111101
What is b335 (base 15) in base 2?
1001001111011010
6bea09 (base 15) to base 8
23543212
Convert -262b0b (base 12) to base 13.
-18c5ab
Convert -104252 (base 9) to base 3.
-10011021202
Convert 368825 (base 16) to base 9.
6646285
Convert 2202110221 (base 3) to base 9.
82427
What is 1b237 (base 16) in base 10?
111159
What is -2b396 (base 15) in base 3?
-21001221020
210103102 (base 4) to base 7
1156333
Convert -21112211002 (base 3) to base 5.
-14223313
Convert -4e1c (base 16) to base 6.
-232324
What is -14548 (base 13) in base 7?
-216346
What is -323b50 (base 13) in base 3?
-2012220222210
Convert -1237251 (base 8) to base 14.
-8d397
-2002111232 (base 4) to base 14
-dc7b8
What is -134335363 (base 7) in base 12?
-2b287b1
Convert -dcc51 (base 14) to base 7.
-4355031
What is -8843561 (base 9) in base 3?
-22221110122001
23044202 (base 5) to base 7
1516046
What is -2212130 (base 4) in base 14?
-3c4c
What is 11fcdd (base 16) in base 9?
2186057
What is -80db2e (base 15) in base 2?
-10111010110011110110010
110100011111101110110 (base 2) to base 16
1a3f76
-113101313330 (base 4) to base 3
-102111001002102
What is -122366216 (base 7) in base 6?
-433201445
-1101110110000001 (base 2) to base 13
-1ca6c
Convert b8772 (base 14) to base 3.
211122210112
Convert 1054023 (base 8) to base 5.
33102231
Convert 338c1b (base 13) to base 11.
762aa5
3100210202 (base 4) to base 13
23bb0b
Convert -326672 (base 8) to base 10.
-110010
What is 201727 (base 8) in base 4?
100033113
What is -1322152 (base 7) in base 3?
-22211012021
578123 (base 10) to base 5
121444443
78492a (base 12) to base 4
13103300302
What is 120021010012112 (base 3) in base 15?
aa3722
ba70a (base 14) to base 11
289162
-20233500 (base 6) to base 7
-4634241
Convert -356169 (base 11) to base 5.
-121031130
What is -7323 (base 8) in base 2?
-111011010011
What is 1341442 (base 6) in base 10?
75554
Convert -719ca0 (base 15) to base 2.
-10100100110001110110011
14059905 (base 10) to base 4
311220212001
Convert 122102202000 (base 3) to base 4.
1103302002
2283866 (base 11) to base 6
221244041
Convert 1101001010011011100 (base 2) to base 13.
12142a
What is 12020221220 (base 3) in base 12?
4ba80
Convert -126733 (base 10) to base 6.
-2414421
Convert -1551051 (base 6) to base 16.
-16867
Convert -679bc (base 13) to base 12.
-91059
2b405 (base 16) to base 15
37757
What is -25883855 (base 9) in base 8?
-60510074
Convert 109379 (base 12) to base 10.
264909
2065152 (base 8) to base 14
104dd0
-740830 (base 9) to base 3
-211100221000
What is -4515352 (base 6) in base 4?
-313222310
What is 2210653 (base 7) in base 8?
1022435
What is 100021211122 (base 3) in base 10?
182861
-a7213 (base 11) to base 9
-256864
136043 (base 10) to base 16
2136b
Convert -1111000101111100 (base 2) to base 5.
-3434240
Convert -10001000100101101 (base 2) to base 5.
-4214213
What is 107424 (base 12) in base 3?
111021202101
Convert 1141738 (base 10) to base 9.
2130147
3003010 (base 7) to base 10
353983
8528728 (base 9) to base 8
21326460
What is 41748 (base 12) in base 8?
247350
Convert -327170 (base 10) to base 6.
-11002402
What is -51194 (base 16) in base 2?
-1010001000110010100
735474 (base 8) to base 9
412401
Convert 203241 (base 9) to base 2.
11101011010100100
-2111332023 (base 4) to base 5
-124124113
What is -11231a0 (base 12) in base 3?
-20011201200210
4a8b4 (base 14) to base 12
8997a
Convert -301111033 (base 4) to base 8.
-612517
What is 1212111121210 (base 3) in base 9?
1774553
What is 11101110011011101 (base 2) in base 13?
43747
Convert -1040399 (base 10) to base 16.
-fe00f
Convert 1000223234 (base 6) to base 16.
9a0fc6
-cd89 (base 15) to base 16
-aa22
Convert -101000110001101110110 (base 2) to base 11.
-832991
What is -1253101 (base 6) in base 13?
-25765
What is -384203 (base 16) in base 12?
-129976b
Convert -124475 (base 10) to base 8.
-363073
Convert -3778812 (base 9) to base 3.
-10212122220102
What is -244725 (base 10) in base 14?
-65285
101032102022 (base 4) to base 5
2123434304
Convert 3010422433 (base 5) to base 13.
1304c8a
204111212 (base 6) to base 14
6878c8
What is 11143300323 (base 5) in base 2?
101111100110011100000101
Convert 614436 (base 7) to base 11.
71848
Convert -207c66 (base 13) to base 12.
-307a39
Convert -1110000111001111111 (base 2) to base 14.
-c0771
Convert -30332323101 (base 4) to base 13.
-9221b8
153354412 (base 6) to base 9
6103248
220120101 (base 4) to base 8
503021
1127579 (base 11) to base 9
3634842
-228448 (base 10) to base 13
-7cc9c
What is 120103232 (base 4) in base 6?
2044542
3430403 (base 7) to base 5
102140302
-1001000010101000 (base 2) to base 11
-25906
Convert a52863 (base 11) to base 2.
110011011111101110110
10346210 (base 7) to base 13
250202
What is 2a049 (base 14) in base 10?
104337
-112a267 (base 12) to base 11
-194a867
What is -4034336 (base 8) in base 9?
-2000310
200112331 (base 4) to base 15
29411
Convert -310230120 (base 5) to base 4.
-10303022300
34de9c (base 16) to base 8
15157234
3b9cd (base 16) to base 7
2034606
What is -262153 (base 8) in base 10?
-91243
Convert -1c19c6 (base 16) to base 15.
-2659db
Convert 228305 (base 9) to base 12.
67558
-1140225541 (base 6) to base 8
-61144345
What is -66322 (base 11) in base 10?
-96219
Convert -4386a (base 12) to base 9.
-145521
Convert -b4c18 (base 16) to base 7.
-6202350
Convert 100100100010000011111 (base 2) to base 7.
13114023
252957 (base 10) to base 16
3dc1d
Convert -202202101210 (base 3) to base 11.
-259a32
-13510b6 (base 12) to base 6
-214132350
Convert -111001100111101 (base 2) to base 4.
-13030331
Convert 224424 (base 8) to base 13.
28802
Convert -55097 (base 11) to base 14.
-211dc
-77808 (base 13) to base 12
-a5476
3952359 (base 10) to base 8
17047347
13030231020 (base 4) to base 6
104240200
What is 1002322303 (base 4) in base 15?
56334
What is -2060305 (base 7) in base 14?
-670ac
1454211 (base 6) to base 12
41367
1121110002 (base 4) to base 3
200120211010
What is 266405 (base 10) in base 11?
172177
Convert 3581506 (base 12) to base 13.
21c1383
5500806 (base 9) to base 7
34046430
Convert -11212220021 (base 3) to base 8.
-273632
8037688 (base 10) to base 8
36522470
What is 4211243 (base 5) in base 9?
115383
-5b7844 (base 15) to base 6
-233510131
-123130242 (base 5) to base 7
-5042560
Convert -1210024041 (base 5) to base 14.
-533875
-15c277 (base 14) to base 10
-763329
What is -2555544 (base 8) in base 10?
-711524
What is -11bd0d1 (base 14) in base 2?
-100000100001011111011111
Convert -423113 (base 11) to base 12.
-28817a
Convert 20061606 (base 8) to base 6.
230240010
What is -3447245 (base 8) in base 6?
-32032525
314903 (base 14) to base 13
4638b7
-424400442 (base 5) to base 3
-10101010201201
Convert -3d002 (base 14) to base 9.
-250021
1454637 (base 10) to base 12
5a1979
What is 113699 (base 10) in base 15?
23a4e
Convert -1112020011211 (base 3) to base 9.
-1466154
Convert -1051330011 (base 6) to base 9.
-23655307
Convert -233010311 (base 4) to base 8.
-570465
What is 4849583 (base 10) in base 7?
56135504
Convert -192364 (base 10) to base 16.
-2ef6c
-5874776 (base 11) to base 13
-2180928
Convert 1201201110121 (base 3) to base 4.
3200200321
-202212101011120 (base 3) to base 9
-22771146
Convert -33002120 (base 4) to base 9.
-103435
What is -1000001000011111001001 (base 2) in base 10?
-2131913
Convert -221101222001 (base 3) to base 6.
-14415044
-100101011000110100 (base 2) to base 5
